 200 = -5*j. What is the remainder when j is divided by w?
6
Suppose 706 = 7*w - 2241. Let l = w + -412. What is the remainder when 57 is divided by l?
3
Suppose 0 = 2*y, 2847 - 2735 = 2*o + 3*y. Calculate the remainder when 1662 is divided by o.
38
Let o(d) be the second derivative of 3*d**3 - 59*d**2/2 + 2*d - 6. What is the remainder when 216 is divided by o(5)?
30
Let y be 16/6*(0 + -3). Let m = y - -11. Suppose -k + 80 = m*k. Calculate the remainder when 77 is divided by k.
17
Let t = -3427 - -3503. What is the remainder when 302 is divided by t?
74
Let x(h) = -4*h + 8. Let s be x(2). Suppose -4*n + 60 = 5*c, s = -2*n - 3*n + 2*c + 108. What is the remainder when 118 is divided by n?
18
Let o = -16747 - -17365. Calculate the remainder when o is divided by 72.
42
Suppose 91*k = -477*k + 566296. Calculate the remainder when k is divided by 13.
9
Suppose -4*b = b + 4*w - 32, 3*w = -6. Let v be (4 + 5)/(2/4). Calculate the remainder when v/3*(3 + (-1)/(-2)) is divided by b.
5
What is the remainder when (-20)/14 + (-322245)/(-735) is divided by 7?
3
Let p(m) = m**2 - 9*m + 28. Let r be p(4). Suppose -r*j + 31*j = 5957. What is the remainder when j is divided by 12?
7
Suppose 0 = -3*h + 3, -5*c = 4*h - 9299 + 135. What is the remainder when c is divided by 18?
14
Suppose -4*w = d - 440, 0*d - d = 3*w - 331. Calculate the remainder when 691 is divided by w.
37
Suppose 32 = 24*q - 448. Calculate the remainder when 755 is divided by q.
15
Let r(k) = 2 - 11 + 20*k + 6 + 0. Calculate the remainder when r(3) is divided by 30.
27
Suppose -220*h + 124*h - 322 = -110*h. What is the remainder when 76 is divided by h?
7
Let w be (-8)/12 - 286/(-33). What is the remainder when -12 + w + (445 - 2) is divided by 49?
47
Let x(a) = 6*a**3 - 16*a**2 + 5*a - 109. What is the remainder when x(10) is divided by 33?
18
Let i = -2246 - -2297. Calculate the remainder when 199 is divided by i.
46
Let q = 1457 - 1449. Let d be (-24)/(-10) + 4/(-10). Suppose -q = -l + d. What is the remainder when 35 is divided by l?
5
Let h(o) = 1 + 87*o**2 + 55*o**2 - 98*o**2. What is the remainder when h(2) is divided by 12?
9
Suppose -436 = -6*j + 218. Let u = j - 57. What is the remainder when u is divided by (-20)/(-50) - (1 - 48/5)?
7
Calculate the remainder when ((-258)/(-10))/((89/(-534))/((-305)/18)) is divided by 240.
223
Let x(q) = -95*q - 1950. Calculate the remainder when 786 is divided by x(-23).
81
Suppose 5456*x = 5446*x + 750. Calculate the remainder when 1795 is divided by x.
70
Let w = 30 - 36. Let y(c) = -25*c**2 + 3*c + 1. Let t(h) = -h. Let a(f) = w*t(f) - y(f). What is the remainder when a(1) is divided by 4?
3
Suppose g - 63 = -3*s - 6, -3*g = 5*s - 179. Suppose 35*h - g = 26*h. Suppose 3*v = 34 + 38. Calculate the remainder when v is divided by h.
3
Let m(j) = -j**2 - 32*j - 23. Let p be m(-14). Let z = -100 + 0. Let t = z + p. Calculate the remainder when t is divided by 26.
25
Let d(x) = 6*x - 10. Let q(f) = -17*f + 18. Let l(k) = 9*d(k) + 4*q(k). Calculate the remainder when 50 is divided by l(-2).
0
Let n(w) = -w**3 + 3*w**2 + 6*w - 7. Let l be n(3). Suppose -2*d + l*d = 855. What is the remainder when d is divided by 50?
45
Let v = 38 - -24. Suppose a + n - 32 = -3*n, 3*a - 2*n = 68. What is the remainder when v is divided by a?
14
Let d(l) = -48*l**2 - 8*l + 6. Let s be d(1). Let r = 231 - s. Calculate the remainder when r is divided by 72.
65
Let m(a) = 21*a + 1873. What is the remainder when 37 is divided by m(-88)?
12
Let r(p) = p**3 + 35*p**2 + 3*p + 104. Let x be r(-35). What is the remainder when (x*150)/(-3) - (-5 + 0) is divided by 21?
13
Suppose 0 = -8*a + 4*a. Suppose i + 5*h - 29 = 20, a = -h + 3. Suppose 4*t - 3*b = 666, -2*b = 3 - 7. What is the remainder when t is divided by i?
32
Let b(o) = -o**3 + 6*o**2 - 4*o - 2. Let j be b(5). Suppose 102 = j*z - 3*d, -6*d = -d + 10. What is the remainder when z is divided by (0/2 - 51)*(-76)/228?
15
Let r = 9450 + -9441. What is the remainder when 2402 is divided by r?
8
Suppose 190*k + 28806 - 185306 - 110070 = 0. What is the remainder when k is divided by 16?
11
Let j(i) = 2*i - 22. Let v be j(11). Suppose v = -33*n + 30*n + 36. Suppose n = 13*h - 7*h. Calculate the remainder when 10 is divided by h.
0
Let k(g) = 14*g**2 + 2*g + 3. Let w be k(-3). Suppose w = 5*l - 17. Calculate the remainder when -830*(28/(-15) - (-5335)/3201) is divided by l.
26
Suppose -4*q = 1380 - 540. Let k = -190 - q. Calculate the remainder when 59 is divided by k.
19
Suppose 3*s + 3*t = 2*t + 53, -2*s + 2*t + 30 = 0. Let g be (5 - 4)*(4 + -1). Suppose -2*h = g*h - 220. Calculate the remainder when h is divided by s.
10
Suppose 2 = -q + f + 1, 2*f - 6 = 0. Let y(a) = q*a**2 - 6 + 6*a - 2 + 0 + a**3. Calculate the remainder when y(5) is divided by 50.
47
Suppose 0 = 240*c - 20708 - 45532. Calculate the remainder when c is divided by 246.
30
Let m(q) = -27*q + q**2 + 7 + 19 + 10*q + 10*q. What is the remainder when m(6) is divided by 7?
6
What is the remainder when 3260 - (-7 + -2 + 7) is divided by 34?
32
Suppose 6*v = 9*v + 18, -3*v + 608 = k. Calculate the remainder when k is divided by 129.
110
Suppose 0 = 6*q + 683 - 185. Let o = 96 + q. What is the remainder when 20/40 + (-226)/(-4) is divided by o?
5
Let s(o) = -o**2 + 23*o - 36. Let q be 25 + 1/3 + (-80)/15. What is the remainder when 431 is divided by s(q)?
23
Let o be 2/24 + (-14085)/540. Let c = -21 - o. Suppose 0*y + y - 18 = 0. What is the remainder when y is divided by c?
3
Suppose -243*i - 35*i + 2224 = 0. What is the remainder when 13 is divided by i?
5
Suppose 2*h - c = -h + 671, 2*h + 2*c = 450. Suppose -241 = -5*f + 2*r, 4*r + 1485 - 1363 = 2*f. What is the remainder when h is divided by f?
44
Suppose -7*w = -28*u + 27*u - 15, -u + 3*w - 3 = 0. Calculate the remainder when 96 is divided by u.
0
Let i = 238 - 182. Suppose -a = 5*k - i, -3*a - 12 = -k + 12. What is the remainder when 82 is divided by k?
10
Calculate the remainder when 6064 is divided by ((-17304)/138)/(-7) + 80/920.
16
Let a(w) be the first derivative of -9*w**4/2 + 2*w**3/3 - w**2 - 4*w - 234. Calculate the remainder when a(-2) is divided by 11.
9
Let h = -2180 + 2227. What is the remainder when 222 is divided by h?
34
Let f(v) be the third derivative of v**5/60 + 5*v**4/24 - v**3/3 + 2*v**2. What is the remainder when ((-42)/(-119))/((-189)/(-2142)) is divided by f(-6)?
0
What is the remainder when 1153 is divided by 306/27*(4 + -1)?
31
Suppose 0 = 37*o - 15*o - 1386. Suppose 3*h - 4*w - 216 = 0, h + 3*w - 22 = o. Calculate the remainder when h is divided by 16.
12
Let g = 157 + -155. Suppose 305 = 3*y + g*y. Calculate the remainder when y is divided by 32.
29
Let k = -26 + 30. Suppose -5*j = k*w - 704, j + 4*j + 493 = 3*w. Let y = w - 114. What is the remainder when y is divided by 29?
28
Suppose -8*f + 24 = -8. Suppose 12*j - 17*j - 2*z = -174, f*z - 144 = -4*j. What is the remainder when j is divided by 8?
2
Suppose 0 = -2*r + 363*b - 358*b + 309, 14 = -2*b. Calculate the remainder when 4930 is divided by r.
135
Let o = 1724 + -1709. Calculate the remainder when 1123 is divided by o.
13
Suppose 4857*y + 918 = 4874*y. Calculate the remainder when 4641 is divided by y.
51
Let v = -23761 - -25132. What is the remainder when v is divided by 348?
327
Let l = -1 + 8. Calculate the remainder when ((2 - (1 - 4))/(-2))/(50/(-500)) is divided by l.
4
Let b = 2980 - 2956. Let y(t) be the third derivative of t**5/15 + t**4/8 - t**3/3 - 8*t**2. Calculate the remainder when y(3) is divided by b.
19
Let j = 767 - -3. Calculate the remainder when j is divided by 111.
104
Let x(s) = -s - 13. Let b be x(-9). Let t = b - -5. Let m = 1904 + -1899. Calculate the remainder when m is divided by t.
0
Let p = 555 - 330. Suppose 9*c - 144 = p. What is the remainder when c is divided by 25?
16
Let o(f) = 7*f**2 + 4*f + 3. Suppose -5*r + 46 + 104 = 0. Suppose -3*i + 3*q = -r, 10 = 2*i - q - 13. What is the remainder when o(-2) is divided by i?
10
Suppose 2334*w - 2495*w + 1449 = 0. Suppose k - 1292 = -3*k. What is the remainder when k is divided by w?
8
Suppose -2*t = 3*o + 4, 19 = 5*o + 29. Suppose 0 = -4*m - 4*c + 48, 14 + 14 = m + 5*c. Calculate the remainder when m is divided by t.
0
Suppose 0 = -6*p + 8 + 1